7, what is 12 + -26?
-14
In base 16, what is -1 + -21c?
-21d
In base 6, what is 43 + -2?
41
In base 15, what is 2 + -c1?
-be
In base 2, what is 0 + 100000?
100000
In base 15, what is -9 - -5b8?
5ae
In base 12, what is 2 - 8b?
-89
In base 9, what is 5 + 1186?
1202
In base 3, what is 2010 + -220?
1020
In base 2, what is 10101010 - 0?
10101010
In base 8, what is -2 - -20?
16
In base 10, what is 1 + 70?
71
In base 6, what is -45 + 5?
-40
In base 12, what is -3565 + 4?
-3561
In base 11, what is 0 + 1562?
1562
In base 15, what is -69 + 9?
-60
In base 10, what is -62 - -6?
-56
In base 9, what is 55 + -76?
-21
In base 13, what is -2 - -168?
166
In base 16, what is 0 - 57?
-57
In base 11, what is 45 + 0?
45
In base 13, what is -28a9 - -2?
-28a7
In base 11, what is -91 - a?
-a0
In base 5, what is 133 - -10?
143
In base 9, what is -7 + 156?
148
In base 2, what is -1000110010101 + -10?
-1000110010111
In base 14, what is -b4 - -5?
-ad
In base 10, what is 1676 - 4?
1672
In base 13, what is -42 + -5?
-47
In base 5, what is -2301 - 141?
-2442
In base 6, what is 1 + 2401?
2402
In base 11, what is 214 - 7?
208
In base 14, what is 41c5 - -4?
41c9
In base 8, what is -37 + 334?
275
In base 12, what is 40 - b?
31
In base 8, what is -1 + -277?
-300
In base 4, what is -101 - -32?
-3
In base 14, what is b - 15?
-8
In base 11, what is 102 + 59?
160
In base 3, what is 21 - 1121200?
-1121102
In base 13, what is -4 - 4c?
-53
In base 12, what is 43 - 2?
41
In base 11, what is -161 + 4?
-158
In base 9, what is -11 + -1?
-12
In base 3, what is 1 + -200?
-122
In base 9, what is -3 - 486?
-500
In base 4, what is -2330 + -31?
-3021
In base 7, what is 1 - -143?
144
In base 12, what is 46 + -7a?
-34
In base 16, what is 37 + -7?
30
In base 2, what is 110 + 100111000?
100111110
In base 10, what is 2 + 671?
673
In base 14, what is -101 + -4?
-105
In base 14, what is -8d + -1?
-90
In base 6, what is -33251 - -4?
-33243
In base 4, what is 12312322 - 0?
12312322
In base 16, what is 2 + 2c6?
2c8
In base 6, what is 22 + 11?
33
In base 13, what is -5184 - -1?
-5183
In base 14, what is 37 - 1?
36
In base 3, what is 110020020 - -1?
110020021
In base 12, what is 3 - -43a?
441
In base 4, what is -11 - -3322?
3311
In base 7, what is 12112 - -4?
12116
In base 8, what is 23061 + -2?
23057
In base 13, what is -1504 + -2?
-1506
In base 14, what is 1 + 12?
13
In base 8, what is 3 + -114?
-111
In base 12, what is -34 - 123?
-157
In base 8, what is 3 - 3122?
-3117
In base 11, what is -14 + 12?
-2
In base 13, what is -3434 - 4?
-3438
In base 16, what is -2 + 53?
51
In base 5, what is -2 + 301430?
301423
In base 9, what is -2 + -54?
-56
In base 7, what is -36 + -1?
-40
In base 4, what is 10 - 13010?
-13000
In base 6, what is 1334 - 1?
1333
In base 9, what is -2 + 383?
381
In base 11, what is 1 - 241?
-240
In base 14, what is 8a2 + 3?
8a5
In base 16, what is 5 - 227?
-222
In base 3, what is -10221 - -210?
-10011
In base 3, what is 1020 + 12220?
21010
In base 13, what is 2 - 28?
-26
In base 15, what is 41 + -6?
3a
In base 12, what is 5 + 343?
348
In base 10, what is 3 + -78?
-75
In base 3, what is -1122 - -2?
-1120
In base 16, what is -5 + 1b6?
1b1
In base 6, what is 43 - 4?
35
In base 12, what is 815 + 10?
825
In base 2, what is -10110111 + -10000?
-11000111
In base 9, what is -260 - -1?
-258
In base 5, what is 1 - -130?
131
In base 2, what is -100 + 1010?
110
In base 2, what is 1111111011 - -1?
1111111100
In base 13, what is 7 - -296?
2a0
In base 7, what is -4 + -130?
-134
In base 5, what is 10 + -123?
-113
In base 5, what is 33 + 202?
240
In base 4, what is -10 - 23?
-33
In base 6, what is 5 + 44?
53
In base 13, what is 4 + 33?
37
In base 10, what is -13 + 471?
458
In base 14, what is -4 + 1c?
18
In base 15, what is 2 + 1b?
1d
In base 11, what is 5 + 37?
41
In base 8, what is 30 + -1?
27
In base 4, what is -2 + 312?
310
In base 4, what is -1 + 133?
132
In base 14, what is 0 + -5c?
-5c
In base 3, what is -212020001 - -1?
-212020000
In base 13, what is 2a06 - -4?
2a0a
In base 11, what is -5a - -2?
-58
In base 14, what is 15 + a?
21
In base 15, what is -4 - -2c3?
2be
In base 16, what is 0 - -40?
40
In base 2, what is 11101011011 + -101?
11101010110
In base 14, what is -2 + 875?
873
In base 3, what is -2 - 12?
-21
In base 13, what is -5 + -21c?
-224
In base 8, what is 1142 - 7?
1133
In base 5, what is 13 - 221?
-203
In base 12, what is -1 - 81?
-82
In base 15, what is -2 + -4e?
-51
In base 13, what is -5 + 3?
-2
In base 9, what is 4 + 8073?
8077
In base 12, what is -8 - -26?
1a
In base 9, what is 615 + -2?
613
In base 7, what is 41 + 601?
642
In base 10, what is 1 - -1484?
1485
In base 10, what is 116 - 0?
116
In base 10, what is 231 + -1?
230
In base 8, what is -257 + -6?
-265
In base 7, what is 2 - -300?
302
In base 13, what is -10 - -268?
258
In base 15, what is 62 + -4?
5d
In base 12, what is 179 + 5?
182
In base 13, what is c9 - -20?
119
In base 12, what is -2 + 10b3?
10b1
In base 11, what is 0 - -31?
31
In base 3, what is -10 - 2101?
-2111
In base 11, what is -37 - -108?
81
In base 7, what is 2225 + -3?
2222
In base 4, what is 1 - -301?
302
In base 6, what is 10030 - 1?
10025
In base 4, what is 12 - 332?
-320
In base 15, what is c4 - -11?
d5
In base 3, what is -20112200 - -1?
-20112122
In base 9, what is -27 + -1031?
-1058
In base 12, what is 1 + 22?
23
In base 15, what is 5a + 4?
5e
In base 6, what is 40 - 13?
23
In base 3, what is -111 - 220022?
-220210
In base 6, what is -5 - 1023?
-1032
In base 8, what is -332 + 1?
-331
In base 7, what is 2 - 121?
-116
In base 15, what is 3 + -c?
-9
In base 12, what is -188 + -3?
-18b
In base 16, what is 676 - 4?
672
In base 10, what is -426 + -3?
-429
In base 11, what is 12 + 12?
24
In base 6, what is 1123 - -1?
1124
In base 9, what is -4481 - -2?
-4478
In base 15, what is 465c + -1?
465b
In base 10, what is 4 + -194?
-190
In base 12, what is -1 + 10?
b
In base 8, what is -5 - -117?
112
In base 10, what is 46 + -4?
42
In base 2, what is -11100 + 111?
-10101
In base 16, what is -533 + -3?
-536
In base 14, what is 5 - -312?
317
In base 12, what is 170 + 0?
170
In base 16, what is -29 - 1b?
-44
In base 10, what is 3 - -9?
12
In base 4, what is -2 + -31103?
-31111
In base 10, what is 33 + 49?
82
In base 2, what is -10010 + 1100?
-110
In base 13, what is 105 + 4c?
154
In base 12, what is 44aa + 4?
44b2
In base 13, what is 3c + -3?
39
In base 9, what is -3 - -263?
260
In base 7, what is -41 + 44?
3
In base 6, what is -10 + -20?
-30
In base 11, what is 379 + 4?
382
In base 16, what is -3 - e7?
-ea
In base 13, what is -3383 + -5?
-3388
In base 14, what is -70 + -1?
-71
In base 10, what is 8 - -34?
42
In base 16, what is -3 + c3f?
c3c
In base 11, what is 3 - -85?
88
In base 11, what is 688 - -5?
692
In base 14, what is -5c + -11?
-6d
In base 5, what is -214 - 2?
-221
In base 9, what is 551 + 0?
551
In base 12, what is -16 - 8a?
-a4
In base 2, what is 10 + 101?
111
In base 11, what is -1a - -20?
1
In base 3, what is 10 - 1100?
-1020
In base 6, what is 5 + -151?
-142
In base 10, what is 0 - 2?
-2
In base 2, what is -10 + 11000000100?
11000000010
In base 9, what is 8 + 18?
27
In base 6, what is -4 + 122?
114
In base 10, what is -17 + 81?
64
In base 7, what is -3 + 5?
2
In base 4, what is -3 + -210130?
-210133
In base 11, what is -3 - -608?
605
In base 11, what is -9 + 9a?
91
In base 2, what is -1000100000 - -100011?
-111111101
In base 4, what is -3 + -232?
-301
In base 4, what is -3 + -232?
-301
In base 9, what is 3614 - -5?
3620
In base 6, what is 100 - 5?
51
In base 5, what is 10 - 223?
-213
In base 5, what is -13411 + -21?
-13432
In base 11, what is -69a + 3?
-697
In base 5, what is -201 + 323?
122
In base 8, what is 1 + 20?
21
In base 13, what is -c0 + -4?
-c4
In base 4, what is 10 - 1333?
-1323
In base 10, what is -8 - 14?
-22
In base 11, what is -5792 - -1?
-5791
In base 15, what is -12 - 5?
-17
In base 9, what is -4 - -2384?
2380
In base 8, what is 0 - 5?
-5
In base 6, what is -114 - 22?
-140
In base 16, what is -96 - -d?
-89
In base 9, what is -8 - -8?
0
In base 5, what is 12 + -203?
-141
In base 16, what is d2 - -5?
d7
In base 12, what is -2 + 110?
10a
In base 12, what is -3 + -93?
-96
In base 8, what is -125 - -4?
-121
In base 9, what is 1 - 23?
-22
In base 